Suppose -4*y = j - 67, -2*j - y + 0*y = -162. List the prime factors of j.
83
Let v = 6 + -1. Suppose v*u - 9*u + 72 = 0. What are the prime factors of u?
2, 3
Let m(b) = -b + 8. Let u be m(6). Suppose -2*l = u*l - 60. List the prime factors of 126/l + 4/(-10).
2
Suppose -5*m - 1104 = -17*m. What are the prime factors of m?
2, 23
Let l(v) = -v**2 + 5*v + 6. Let c(g) be the third derivative of -g**6/20 - g**5/30 - g**4/24 + 3*g**2. Let z be c(-1). List the prime factors of l(z).
2, 3
Suppose 3*a - 63 = 39. List the prime factors of a.
2, 17
Let f be (-1)/4 + (-90)/24. Let x be (-3)/12 + (-1)/f. Suppose x = -5*a + 20 + 80. What are the prime factors of a?
2, 5
Suppose 3*o + 4*b + 9 = 2*b, -2*o - 5*b - 17 = 0. Let n = o - -2. List the prime factors of 9 + (n - (3 - 0)).
7
Suppose 4*v - 67 = 277. Let t = v + -58. List the prime factors of t.
2, 7
Suppose 5*s - 207 = 148. List the prime factors of s.
71
Let p(a) = a + 9. Let k be p(-8). Let s be 1 + k/(3/9). Suppose 5*v = -5*l + 55, s*v - 51 = -0*v + 3*l. What are the prime factors of v?
2, 3
What are the prime factors of (4 + -46)*6/(-4)?
3, 7
Suppose 0 = -3*f + 4*h + 11, 2*h = 3*f + h + 4. Let c be 2*f/(-15)*10. What are the prime factors of c + -2 + (-6)/(-3)?
2
Suppose 4*a - l = 26, 3*a - 2*a - 4*l = -1. What are the prime factors of a?
7
Suppose 0 = 2*l - 9 + 1. Suppose -l*p - g - 2 = -p, p = -g - 2. Suppose 0 = -4*o + 4*r + 12, p = -2*o + 6*o + 5*r - 39. What are the prime factors of o?
2, 3
Let m(z) be the first derivative of 10*z + 1/2*z**2 - 1/3*z**3 + 2 + 1/4*z**4. What are the prime factors of m(0)?
2, 5
Suppose -14 = 3*a - 5*y, -a - 2*y + 10 = -0. Suppose -4*u + 10 = -74. Suppose a*b = -b + u. List the prime factors of b.
7
Suppose 0 = 4*a + a - 110. What are the prime factors of (-4 + a/6)*-39?
13
What are the prime factors of (1044/(-144))/((-2)/32)?
2, 29
Suppose u = -4*o + 13, 7*o - 31 = 4*o - 5*u. Suppose 20 = o*c - c. List the prime factors of c.
2, 5
Suppose 5*y - 268 = 122. List the prime factors of y.
2, 3, 13
Let t(o) = o + 5. Let j be t(-3). Let m = 1 + j. List the prime factors of m.
3
Suppose 21 - 33 = -4*n. What are the prime factors of n?
3
Let b be ((-18)/5)/(2/(-10)). Suppose 3*r = -b + 45. Let h = r + -2. List the prime factors of h.
7
Suppose 7 + 9 = c + 2*f, -2*c = 5*f - 34. Let u = -18 + c. List the prime factors of (-2)/(u/(-3)) - -3.
2
Let z = -20 + 5. Let v = z - -30. Let j = v + 2. What are the prime factors of j?
17
Let v(u) = 6*u - 1. Let i be v(1). Suppose -55 = -2*h - 5*c + 24, 25 = i*c. What are the prime factors of h?
3
Let u(j) = -j**2 - j + 1. Let s be u(-2). What are the prime factors of (s + 0)/(-1)*11?
11
Let o(s) = -s**2 - 10*s - 7. Suppose 5*j - 3 - 4 = 3*c, 0 = -c + 5*j - 19. Suppose f - c = 2*f. List the prime factors of o(f).
17
Let q(b) = -3*b**2 + 4*b**2 + 4 - 3*b - 5*b. What are the prime factors of q(8)?
2
Let l = 30 - 11. Suppose -2*f - 20 = 3*v, 3*f + 3*v = 5*v - 17. Let r = l + f. List the prime factors of r.
2, 3
Let f = 8 - -52. Suppose -3*s = -d + 13, -4*s = -4*d + 8 + f. List the prime factors of d.
19
List the prime factors of (2/(-6))/((-10)/480).
2
Let n(f) = -12*f - 3. Let w = 4 - 8. Let m be n(w). Suppose -4*y = y - m. What are the prime factors of y?
3
Suppose -5*o = 5*c - 25, c + 4*o + 0 + 1 = 0. Suppose y + 5 = c. Suppose y = -m - 3, -m = 3*a - 10. What are the prime factors of a?
5
Suppose 18 + 19 = q. List the prime factors of q.
37
Suppose -2*h = -7*h + 10, 0 = v + h - 4. Suppose 50 = 7*k - v*k. What are the prime factors of k?
2, 5
Suppose -36 = 4*w - 5*w. List the prime factors of w.
2, 3
Let t(s) = -3*s + 169. List the prime factors of t(0).
13
Suppose 5 = 5*t, t + 116 = 3*b - 0*t. Let l = b + -10. What are the prime factors of l?
29
List the prime factors of -7*(-1 - (-125)/(-7)).
2, 3, 11
Let s = 13 + -25. Let b = 19 + s. What are the prime factors of b?
7
Suppose 2*v + 1 = 27. Suppose -11 = -2*a + 1. Let j = v - a. List the prime factors of j.
7
Let t(s) be the first derivative of s**3/3 - 5*s**2/2 + 4*s + 1. Let h be t(6). Suppose -2*p = -h, -4*x - p + 4*p - 7 = 0. What are the prime factors of x?
2
Let l(q) = -q**2 + 7*q + 7. List the prime factors of l(6).
13
Suppose b = 5*q + 3, 5*b - q + 4*q - 15 = 0. Suppose -b*r + 0*r = 0. Suppose r = -2*z + 9 + 1. What are the prime factors of z?
5
Let f(u) = u**2 - 2*u**2 + 2*u**2 - u - 36. Let v be f(0). List the prime factors of -7*(v/(-21))/(-2).
2, 3
Suppose -2*n = -2*g + 6, n + 3*g - 21 = -2*g. What are the prime factors of 6 + (1 - (n + 0))?
2, 3
Let g(h) = 12*h - 1. Let c be g(1). Let v = c - 7. Suppose -v*m = -16 - 16. What are the prime factors of m?
2
Let d be -9*2/(-3) - 0. Suppose 3*n - d = n. List the prime factors of n.
3
Let a = 91 + -36. What are the prime factors of (16/10)/(2/a)?
2, 11
Suppose 3*w = -3*s + 306, s = 5*w - 323 - 163. What are the prime factors of w?
2, 7
Suppose 3*x = 2 - 65. Let w = -16 - x. What are the prime factors of w?
5
Let p be (-1)/2*0/3. Suppose 4*q + 2*s + 2 = 32, p = -q - 4*s + 11. Suppose 11 = 2*r - 2*d + 1, 0 = -2*r - d + q. List the prime factors of r.
2
Suppose -14*k + 10*k = -24. Let d(i) be the third derivative of i**4/24 - i**3/6 + i**2. List the prime factors of d(k).
5
Suppose -94 = -2*q + 4*d, 3*q - d - 19 = 102. What are the prime factors of q?
3, 13
What are the prime factors of ((-1)/(10/614))/((-4)/20)?
307
Suppose 0 = -3*u - u - 2*z + 2, 0 = -5*z - 15. Suppose -u*t + 4*d = -6, 20 = -5*t - 2*d + 47. Suppose 2*r - 3*r + t = 0. What are the prime factors of r?
5
Suppose 7 = 3*k - 8. Suppose -k*b + 4*t + 85 = 0, -b + 2*t + 31 = 4*t. What are the prime factors of b?
3, 7
Suppose 0 = -u + 2*u - 2. Suppose 2*a = -2*g - u*a, -2 = -a. Let d(i) = -3*i + 3. What are the prime factors of d(g)?
3, 5
Suppose 0 = 3*j - 5*w - 17, 4*j = 4*w - 4 + 24. Suppose r - 64 = -4*i, 0*i - j*i + r = -64. List the prime factors of i.
2
Suppose -4*c - 2 = -3*c. List the prime factors of c/(-12) - 11/(-6).
2
Let a(b) = 2*b**3 - 2*b**2 - b - 1. Let w be a(2). Suppose -5*i = -i - 96. Suppose -i = -w*n + 16. List the prime factors of n.
2
Let b = -9 - -13. Suppose 9*v - b*v = 60. Suppose 0*a + 2*a - v = 0. What are the prime factors of a?
2, 3
Suppose 3 - 8 = -f. Let z(w) = -w**3 + 5*w**2 + 2*w - 2. Let q be z(f). Suppose -q = 4*b - 36. What are the prime factors of b?
7
List the prime factors of 1*-3 - (5 + -18).
2, 5
Suppose -2*q = 3*b - 30, 4*b + 2*q = -0*b + 38. Let y(j) = 2*j. What are the prime factors of y(b)?
2
Let b(f) = f**2 + f - 2. Let c be b(2). Suppose -5*a + g + 35 = 0, -2*g - 1 = -a - 3. Let r = a + c. What are the prime factors of r?
2, 3
Let v = 24 + -14. Suppose 2*j - v = 20. What are the prime factors of (j/6 - 3)*-22?
11
Let h be 2/2 - (7 + -12). Let r be (-81)/(-15) + h/(-15). Let a = r + 2. List the prime factors of a.
7
Let y(a) = 35*a**3 - a**2 + 1. What are the prime factors of y(1)?
5, 7
Let n = 82 + -53. Suppose n = 4*h - 3. Suppose 1 + h = b. What are the prime factors of b?
3
Let c be ((-11)/(-2))/((-18)/36). Let g be ((19 - 0) + 0)/1. Let s = c + g. What are the prime factors of s?
2
What are the prime factors of 6/(-2) + 38 + (1 - -2)?
2, 19
Let l(a) = a**3 - 4*a**2 - 7*a + 5. Let r be l(6). Let s = 1 + r. List the prime factors of s.
2, 3
Let b(c) = c**3 + 13*c + 11. Let w(x) = -6*x - 5. Let v(h) = -2*b(h) - 5*w(h). Let z = 2 + -4. List the prime factors of v(z).
11
Let k(s) = s**2 + s - 13. Let q(x) = 5*x**2 + 4*x - 51. Let z(u) = -9*k(u) + 2*q(u). List the prime factors of z(0).
3, 5
Let o = 58 - 33. What are the prime factors of o?
5
Suppose 0 = a + 2*a - 45. List the prime factors of a.
3, 5
Let d(l) = -l**3 + 9*l**2 + 6*l - 15. What are the prime factors of d(6)?
3, 43
Let o be 0 + (-6)/(-2) + -1. Let n = 1 + o. What are the prime factors of n?
3
Suppose -4*o = -o - 3. Let r be ((o + 0)*0)/(-2). Suppose -4*l + 29 + 11 = r. List the prime factors of l.
2, 5
Let i = 6 - 3. Suppose -i = -a + 4*a. Let q = 5 - a. What are the prime factors of q?
2, 3
Let j(a) = a**2 + a - 1. Let n be j(2). Suppose 104 = -v + n*v - 5*u, -v + 17 = u. Let k = -10 + v. List the prime factors of k.
11
Let i(m) = 4*m - 3. Let u be i(-3). Let p = -11 - u. List the prime factors of p.
2
Suppose -1 = 3*v - v - 3*w, -24 = -2*v - 2*w. List t